4 + (-2)/3)*-2?
10
Calculate the remainder when -1*(-37 + (5 - 9)) is divided by 14.
13
Suppose -59 = 3*p - 5*k, -2*k + 13 = -p + k. Calculate the remainder when 4/14 - 1476/p is divided by 18.
17
Suppose 4*z - 52 = 136. Calculate the remainder when z is divided by 22.
3
Let h(b) = b + 1. Let g be h(3). Suppose -g*f + y = 2, y = 5*f - 0*y + 2. Suppose -5*i + 20 = -f*i. What is the remainder when 7 is divided by i?
3
Suppose -9*f = -277 - 29. What is the remainder when f is divided by 13?
8
Let b(j) = -2*j**3 + j**2 + 7*j - 4. Let v(n) = n**2 - n. Let i(z) = -b(z) - 3*v(z). Let k be i(4). What is the remainder when k - 2 - (-6)/2 is divided by 14?
11
Let q(v) = 2*v**2 + 7*v. Let m be q(-5). Let c be 1*m - 0/(-1). Let o = 35 - c. Calculate the remainder when o is divided by 7.
6
Calculate the remainder when (-2)/(-4) + (55/2 - -1) is divided by 6.
5
Let d be 6/8*2*-12. Let l = d + 45. What is the remainder when l is divided by 10?
7
Let k be (-508)/8 + (-3)/2. Let u = k - -103. Suppose 8*p = 3*p + 65. What is the remainder when u is divided by p?
12
Suppose -83 = -5*w + 272. Suppose 5*i + 3*f = w, -5*i = 5*f - 102 + 37. Calculate the remainder when 29 is divided by i.
13
Let k = 4 + 23. Calculate the remainder when 105 is divided by k.
24
Let m = 45 - 30. Calculate the remainder when m is divided by 5.
0
Let x = -84 - -195. What is the remainder when x is divided by 19?
16
Suppose -r + 26 = -5*t, 4*r + 4*t - 2 - 6 = 0. Suppose r + 9 = i. Suppose -24*y + 20*y = -176. Calculate the remainder when y is divided by i.
14
Let r = -14 + 27. What is the remainder when 23 is divided by r?
10
Calculate the remainder when 98 is divided by (25/(-2))/(6 - (-78)/(-12)).
23
Let b(w) = -w**2 + 2*w + 6. Let h be b(-3). Let j(o) = -2*o + 11. What is the remainder when j(h) is divided by 8?
5
Let c(r) = -r**3 + 6*r**2 + 3*r + 4. Calculate the remainder when c(5) is divided by 29.
15
Let q(m) = 5*m. Suppose -5*j - n = -0 - 61, 43 = 3*j - n. Calculate the remainder when j is divided by q(1).
3
Calculate the remainder when ((-10)/(-30))/((-2)/(-114)) is divided by 9.
1
Let l be (1/(-3))/((-2)/(-18)). Let k(s) = -3*s + 4. What is the remainder when 38 is divided by k(l)?
12
Let i = 10 + -8. Calculate the remainder when 77 is divided by (-4)/i + 24 + -2.
17
Suppose -1 - 35 = 4*j. Let x = -8 + 25. What is the remainder when x is divided by 9/(-9)*(j - 0)?
8
Let y(g) = -26*g**3 - g - 1. Suppose 0 = 4*s + 4. Calculate the remainder when 50 is divided by y(s).
24
Let k(f) = -f - 4. Let p be k(-6). Suppose p*h - 6*h = -88. What is the remainder when h is divided by 11/((-11)/(-12)) + 0?
10
What is the remainder when (1 + 187)/2 + -5 is divided by 15?
14
Let k(a) be the third derivative of 5/8*a**4 + 0*a - 1/2*a**3 + 0 - 4*a**2. What is the remainder when k(2) is divided by 14?
13
Suppose 2*b - 8 = -2*b. Calculate the remainder when 46 is divided by (14 + -1 - b) + 1.
10
Let g = 9 + 16. Let j = 21 + -12. Calculate the remainder when g is divided by j.
7
What is the remainder when (-12)/42*(-14)/4 is divided by 1?
0
Suppose 0*w = 3*w - 57. Let d(i) = i**3 + 8*i**2 + 3. Let f be d(-8). Suppose -4*z + 36 = 5*s - 14, -6 = -f*s. What is the remainder when w is divided by z?
9
What is the remainder when 46 is divided by -17*((-3)/(-3))/(2 - 3)?
12
Let h = -11 + 17. Suppose 0 = 5*d - 8 - 2. Suppose -d*j = -8 + 2. Calculate the remainder when h is divided by j.
0
Let g = -66 + 80. What is the remainder when 67 is divided by g?
11
Suppose 20 = z + 4*z. Let t(n) = n**3 + 6*n**2 - 3*n - 2. Let i be t(-6). Let x = -9 + i. What is the remainder when x is divided by z?
3
Suppose -15 - 6 = -d - u, 0 = -u. What is the remainder when d is divided by 8?
5
Let w(d) = -d + 8. Let m be w(6). Suppose x + 102 = -5*o, -2*o - m*o = 2*x + 84. Let a = 44 + o. Calculate the remainder when 47 is divided by a.
23
Let y(v) = 2 - 6 - 3*v + 0*v. Let o(b) = b**3 + 4*b**2 + 2*b + 3. Calculate the remainder when y(-7) is divided by o(-3).
5
Let t = -83 - -170. What is the remainder when t is divided by 13?
9
Suppose a = -2*a + 9. What is the remainder when 6*a/(-6) + 38 is divided by 9?
8
Let h = -19 - -27. Suppose h = i - 5. Suppose -47 = -2*b - 1. Calculate the remainder when b is divided by i.
10
Let b be (37/(-2) - -1)*2. Let n = b + 51. What is the remainder when 47 is divided by n?
15
Let a be 0/((2 + -5)/(-3)). Suppose -g + 0*h + h + 5 = a, 0 = -h. Calculate the remainder when (g/(-15))/((-2)/102) is divided by 6.
5
Suppose -o - 4*o = 0. Let s = o - -6. What is the remainder when 23 is divided by s?
5
Suppose -3*f - 12 + 135 = 0. Calculate the remainder when f is divided by 14.
13
Suppose 4*s - 5*u = 71, -s = -0*s + 5*u - 49. Suppose 0 = -5*g + 104 - s. What is the remainder when 45 is divided by g?
13
Suppose -d - 4 = -3*d. Let a(u) = 5*u - 3. Calculate the remainder when a(4) is divided by (1/d)/((-1)/(-10)).
2
Suppose 0 = -5*p + 4*p + 9. Calculate the remainder when p is divided by 5.
4
Let x be 0/1*(-3)/3. Suppose 0 = 4*c - 60 + 12. What is the remainder when 35 - (0 - x)/2 is divided by c?
11
Suppose 5*t - 5*z - 405 = 0, t + 223 = 4*t + z. Calculate the remainder when t is divided by 26.
24
Suppose -2*h = -2*l + 92, -5*l + 162 = h - 92. What is the remainder when l is divided by ((-19)/((-513)/(-234)))/(4/(-6))?
11
Suppose -6 = 2*r - 26. Suppose -v = -r - 6. Calculate the remainder when 30 is divided by v.
14
Suppose 5*p - 3*p = 54. Calculate the remainder when p is divided by 10.
7
Suppose 67 = 2*m - 179. Suppose 0*q - m = -3*q. Calculate the remainder when q is divided by 11.
8
Let n = 3 - -48. What is the remainder when n is divided by ((-1)/2)/(2/(-72))?
15
Suppose -3*h + 34 + 5 = 0. Suppose -56 - 64 = -5*r. What is the remainder when r is divided by h?
11
Suppose -4*z + 4 - 28 = -3*c, -4*c + 54 = 2*z. Let d be 309/c - 1/(-4). Suppose -5*q = -3*q - d. Calculate the remainder when 24 is divided by q.
11
Let m(f) = -f**2 + 2. Let x be m(0). Suppose -2*l = x*v - l - 38, 3*v = -4*l + 62. What is the remainder when 71 is divided by v?
17
Suppose 0 = 3*o - 5*o - 2. Let g = o - -23. Calculate the remainder when g is divided by 1*(-13 - -1)*-1.
10
Suppose 0 = 5*m + c - 289, -2*c - 2 = -0*c. Let y = 2 + 1. Suppose -y*i - k + m = 0, -i = i + 5*k - 43. Calculate the remainder when i is divided by 10.
9
Calculate the remainder when 28 is divided by (-153)/(-15) + 4/(-20).
8
Let d(m) = 2*m - 5. Let s be (-3)/(-6) - (-17)/2. Let y = 20 - -4. Calculate the remainder when y is divided by d(s).
11
Let i(o) = -2*o - 25. Calculate the remainder when 44 is divided by i(-15).
4
Suppose -2*w + 17 = a - 5*w, -w - 1 = 0. What is the remainder when 26 is divided by a?
12
Suppose -61 = 4*w - 109. What is the remainder when 34 is divided by w?
10
Let j = 24 + -3. Calculate the remainder when 61 is divided by j.
19
Suppose -i = -3*z + 159, 0 = 2*z - 2*i - 100 - 2. Let n(j) = -j**2 + 23*j - 65. Calculate the remainder when z is divided by n(19).
10
Let j = -95 + 109. Calculate the remainder when 52 is divided by j.
10
Suppose 3*v - 376 = -5*k, 296 = 3*k + v + 68. Let p = k + -44. Calculate the remainder when p is divided by 12.
9
Suppose n - 4 = 2*c, -2*n - 3*n + 4*c = -32. Suppose 3*h = 38 + 4. What is the remainder when h is divided by n?
6
Suppose 4*l + 12 = 2*l. Suppose -3*p = 4*x - 8, 3*p + 2*p - 3*x - 52 = 0. What is the remainder when (3/(-2))/(l/56) is divided by p?
6
Suppose -25 = -6*c + 59. What is the remainder when (108 + -2)/(2 + 0) is divided by c?
11
Let u(k) = 6*k + 48. Calculate the remainder when 9 is divided by u(-7).
3
Let k = 2 - -5. Suppose k = h + 2. Suppose 0 = h*o + 5*v - 70, 4*v = -o - o + 36. Calculate the remainder when 28 is divided by o.
8
Calculate the remainder when 45 is divided by (-2 + 20)*2/3.
9
Calculate the remainder when -8 - -10 - -1*51 is divided by 9.
8
Let r(x) = x**3 + 13*x**2 + 18. Suppose -53 = -2*i + i. What is the remainder when i is divided by r(-13)?
17
Suppose 2*n + 0*n - 2*i = -10, -5*i + 10 = 0. Let c be (n*1)/(15/(-50)). Calculate the remainder when 4/(-10) - (-294)/c is divided by 8.
5
Suppose 0*b = -b. Suppose -2*z + 28 = -b*m - 2*m, 3*m - 13 = -2*z. Calculate the remainder when 19 is divided by z.
8
Suppose 3*p - 4*z - 24 = 0, 27 - 102 = -5*p - 5*z. Suppose -3*q